p, 2*p - 6 = 0. What is the units digit of q?
4
Let n = 8 + -5. Let q(f) = -f**3 + 2*f**2 + 3*f + 2. What is the units digit of q(n)?
2
Let h(i) = i**3 + 9*i**2 + 3*i + 5. Let a be h(-7). What is the units digit of (-1)/5 - a/(-10)?
8
What is the tens digit of (-1 + 4)*(-459)/(-17)?
8
Suppose -r - 3*r - 40 = 0. Let a be (5/(r/(-28)))/1. Suppose -a = -3*b + 10. What is the units digit of b?
8
Suppose -2*f = 59 - 147. What is the tens digit of f?
4
Let c be 2/(-1*(-4)/(-22)). Let x = c - -17. What is the units digit of x?
6
Let k = -11 + 56. What is the units digit of k?
5
Suppose 5*u - 6*u + 146 = 0. What is the hundreds digit of u?
1
Let l be (-2)/6 + (-14)/3. Let f = 2 - l. What is the units digit of f?
7
What is the tens digit of 3/(-3) + (1 - -2) + 63?
6
Let d(j) be the second derivative of j**3/6 + 23*j**2/2 + 5*j. What is the units digit of d(0)?
3
Let y(z) = z**2 + 12*z - 21. What is the tens digit of y(10)?
9
Suppose 0 = a - 4 - 0. Suppose -39 + 14 = -5*x. Suppose 10 = 5*b - x*u - 10, a*u = -2*b + 2. What is the units digit of b?
3
Suppose j + 122 = 3*j. What is the units digit of j?
1
Suppose -282*g + 161 = -281*g. What is the tens digit of g?
6
Suppose 3*n = f + 12, n - 12 = -3*f - 2*n. Suppose f*c + 44 = 4*c. What is the tens digit of c?
1
Suppose 0*b + b + 2 = 0. Let d = -1 - b. Suppose -d - 1 = -2*q. What is the units digit of q?
1
Let n(u) be the first derivative of -u**3/3 + 3*u**2 + 3*u + 1. Let z = 20 + -14. What is the units digit of n(z)?
3
Let q be 0/1 + 2/2. Let m be 0/2 + (6 - q). Suppose 0 = 5*u + 5, -m*h + 34 = -2*u - 3. What is the units digit of h?
7
Suppose -x = i - 100 - 21, -i = -x + 119. Suppose -4*m + 37 = -3*k - x, -m + 43 = -2*k. What is the units digit of m?
7
Let r = 244 - 139. Suppose 5*y + 4*i = 112, 4*i - r + 17 = -4*y. What is the units digit of y?
4
Suppose -140 = -b + 16. What is the units digit of b?
6
What is the units digit of ((-45)/(-2) + 4)*2?
3
Suppose 0 = 3*s + s - 56. Suppose -s = 3*t - 59. What is the units digit of t?
5
Let g be -1 - 1 - (17 - 1). What is the tens digit of ((-14)/1)/(12/g)?
2
Suppose 0 = -5*d - 4*z + 329, 5*z = d - 56 - 33. Suppose 2*x + 8 = -2, -3*j + 3*x + d = 0. What is the units digit of ((-30)/j)/((-2)/6)?
5
Suppose -41*n + 1158 = -38*n. What is the units digit of n?
6
Let u(n) = -n + 9. Let x be u(5). Let p = x + -9. Let s = p + 6. What is the units digit of s?
1
Suppose -2*l + 14 = -0. Suppose -2*v + l*v - 15 = 0. What is the units digit of v?
3
Suppose 3*i - 7 = -2*y, -2*i - 4*y = y - 23. What is the tens digit of (-1)/(i/(-69)*-3)?
2
Suppose -5*i - 29 = -s, -3*i - 3 = -2*s + 27. What is the units digit of s/3 - (-13)/1?
6
Let b(t) = t**2 - 4 + 4 - 4 - 5*t + 0*t. Let d be b(6). Suppose -d = l - 9. What is the units digit of l?
7
Let o(x) = 8*x + 4. Let b be o(7). Suppose 3*r = 8*r - b. What is the tens digit of r?
1
Suppose 5*b = -2*h + 171, -29 = -b + h - 4*h. What is the tens digit of b?
3
Suppose 2*g = 5*j - j + 82, 132 = 3*g - 3*j. Let f = g + -17. What is the units digit of f?
0
What is the units digit of 9/(1 + 2) - -27?
0
Suppose -6*t - 59 = -275. What is the tens digit of t?
3
Let o = -18 - -19. Suppose -4*j - 14 = -g, -o = -2*j + 3. What is the units digit of g?
2
Let x(b) = -b**2 - 5*b + 5. Let f be x(-7). Let r(v) = -v**2 - 9*v - 1. Let m be r(f). What is the units digit of m - -1 - 18/(-3)?
6
Let x(m) = m**3 - 6*m**2 - 6*m + 2. Let w(a) = -7*a**3 - a - 1. Let k be w(-1). What is the units digit of x(k)?
9
Suppose 2*f - 4 = 2. Suppose -40 = -f*j - 1. Let c = -4 + j. What is the units digit of c?
9
Let x be (-34)/(-4) + (-4)/(-8). Let m = x - 3. Suppose m = -0*b + b. What is the units digit of b?
6
What is the tens digit of 5/20 - (-206)/8?
2
Let m = 13 - 7. Suppose 17 = o + m. What is the tens digit of o?
1
Let n(l) = l**2 + 9*l + 4. Let t be n(-6). Let a = t + -4. Let k = a + 25. What is the units digit of k?
7
Suppose z + 3*k - 10 = 0, z + 3*k - 14 = k. What is the units digit of z?
2
Suppose -5*t = 4*a + 15, 3*t + 36 = 3*a - 0*a. Let p = 10 - t. What is the tens digit of p?
1
What is the units digit of (4/12)/(1/156)?
2
Let v = 64 + -31. Suppose -v - 12 = -3*g. What is the units digit of g?
5
Suppose -36 = -4*j - 5*n, 2*j = -2*j + 2*n + 64. What is the units digit of j?
4
Suppose 2*f - 4*f + 20 = 5*p, 3*p = 5*f - 19. Suppose p*d - 40 = -3*d. What is the units digit of d?
8
Suppose -2*j - 3*c = -60, j - 2*c = 2*c + 52. What is the tens digit of j?
3
Let g = 114 + -48. What is the tens digit of g?
6
Let x(u) = u**3 + 10*u**2 + 4*u - 9. What is the units digit of x(-9)?
6
Let c(t) = -t**2 - 5*t - 1. Let q = 4 - -8. Suppose q = -3*y - 0*y. What is the units digit of c(y)?
3
Let u(l) = 4*l. Let x be u(1). Suppose -27 = -x*n - 5*p + 2*p, 3*n - 19 = -p. What is the units digit of n?
6
Suppose -2*p = 4*q - 866, p - 421 = -2*q - 4*p. What is the tens digit of q?
1
Suppose 10 = -5*v - 0*v. Let a be (-21)/(v/(1 + 1)). Suppose -4*k + 7 = -a. What is the units digit of k?
7
Suppose 2*h = 0, i = -0*i + h + 120. What is the hundreds digit of i?
1
Suppose -3*i - 156 - 18 = 0. Let x = i - -104. What is the units digit of x/6 - (-1)/3?
8
Let r be (12/(-15))/((-2)/85). Let x = -20 + r. What is the tens digit of x?
1
Let z = 8 - 3. Suppose 3*t - 10 = z. What is the units digit of t?
5
What is the units digit of 80*((-16)/(-10))/2?
4
Let c be 5/(-30) + 25/6. Suppose 2*h + 35 = 3*h + c*f, 4*h - 4*f - 140 = 0. What is the units digit of h?
5
What is the units digit of ((-2)/(-3))/(2/42)?
4
Let j(l) = l**3 - 4*l**2 - 2*l + 3. What is the tens digit of j(5)?
1
What is the units digit of (649/7 - 0) + 8/28?
3
Suppose 2*d - 5*y + 698 = 5*d, 5*d + 3*y - 1158 = 0. What is the units digit of d?
1
Suppose -3*l = -v - 29 - 22, 3*v + 3*l + 93 = 0. Let q = -25 - v. What is the units digit of q?
1
What is the units digit of ((-8)/(3 - -1)*158)/(-1)?
6
What is the tens digit of 1/(-3) + (-740)/(-15) + 5?
5
Suppose 2*j = 3*v + 226 + 4, -588 = -5*j + v. What is the tens digit of j?
1
Let q(b) = b + 1. Let n(c) = 6*c + 5. Let a(l) = 2*n(l) - 14*q(l). Suppose 5*s = 2*o - 10, 5*o = -2*s - 47 + 14. What is the units digit of a(o)?
6
Let f(a) = -3*a**2 - a + 4. Let c be f(3). Let z = c + 14. What is the units digit of 8/5*(-30)/z?
4
Let c(g) = 51*g**2 - 5*g - 4. What is the units digit of c(-1)?
2
Let v = -6 - -29. What is the tens digit of v?
2
Let f = 13 - 10. What is the units digit of f?
3
Suppose 5*u = 2*q + 32 - 9, 0 = 5*q + 5*u + 145. Let v = -32 - 3. Let f = q - v. What is the tens digit of f?
1
Let p = -1 - -1. Suppose p = 5*i + 14 + 11, -3*h + 4*i = -29. Suppose h*n = -3*t + 15, n + 0*n + 31 = 3*t. What is the units digit of t?
9
Suppose 3*y - 152 - 31 = 0. What is the units digit of y?
1
Let o(c) be the second derivative of c**3/6 + 4*c**2 - 3*c. What is the units digit of o(0)?
8
Let j(t) be the third derivative of -t**5/60 - 5*t**4/24 + t**3 + 2*t**2. What is the units digit of j(-5)?
6
Suppose -4*u - 16 = -4. What is the units digit of -1 - (2 - (-36)/u)?
9
Suppose -2*u - 2*u + t = -79, 2*u + 3*t = 29. What is the units digit of u?
9
Let c(o) = 83 - 22 + 0*o - o. Let k be c(0). Suppose 0 = 5*q + p - k, -4*q + 8*q + p = 49. What is the units digit of q?
2
Suppose b - 6 = 10. Suppose 0 = 2*d - 3*f - b, f + f = -4*d. What is the units digit of d?
2
Suppose o = 5*p + 11, 3*p + o + 2 = -3. What is the tens digit of 78/3 + p/(-1)?
2
Let f be 2/((-28)/(-10) + -3). What is the tens digit of (0 - f)/((-4)/(-10))?
2
Suppose -3*q = -4*i + 433, -540 = -5*i + q + 3*q. What is the hundreds digit of i?
1
Suppose 10 = 2*o - 7*o. What is the units digit of o/9 - 616/(-99)?
6
Let s be 114/(-8) + 2/8. Let k = 21 + s. What is the units digit of k?
7
Let w = 11 - -13. What is the units digit of ((-27)/(-12))/(9/w)?
6
Suppose i + 4*c = 5*i, 0 = -i - 2*c + 15. Let g(p) = p + 1. What is the units digit of g(i)?
6
Suppose 2*h = -2*m + 2, 2*h - 4*m - 17 = -3*m. Let j(x) = -x + h + 12 + 0*x + 2*x. What is the tens digit of j(0)?
1
What is the units digit of 348/18*(3 + -1 + 1)?
8
Let u(w) be the first derivative of w**3/3 + w**2/2 + 2. Let r be u(-2). Suppose r*v = 3*v - 5. What is the units digit of v?
5
Suppose 5*t = 3*v + 14, 3*v + 0*t = -t - 8. Let w be (-52)/(-3) + 1/v. Let q = 27 - w. What is the te